{"id":652,"date":"2008-01-30T22:51:03","date_gmt":"2008-01-30T22:51:03","guid":{"rendered":"http:\/\/xosecounhago.com\/?page_id=652"},"modified":"2013-03-08T18:42:27","modified_gmt":"2013-03-08T18:42:27","slug":"acerca-de-2","status":"publish","type":"page","link":"http:\/\/xosecounhago.com\/?page_id=652","title":{"rendered":"Xos\u00e9 Cou\u00f1ago"},"content":{"rendered":"<p><img decoding=\"async\" loading=\"lazy\" class=\"alignleft size-medium wp-image-1591\" src=\"http:\/\/xosecounhago.com\/wp-content\/uploads\/2008\/01\/xose_counhago_foto_perfil.jpg\" alt=\"\" width=\"258\" height=\"264\" \/><\/p>\n<p>Para calquera consulta ou informaci\u00f3n contactar con:<\/p>\n<p>xosecounhago@gmail.com<\/p>\n<p>Vigo conta cun patrimonio cultural que ao longo da historia deste concello foi deixando sobre a terra, e baixo dela, a marca dunha identidade que nos foi configurando como cidade e territorio durante milleiros de anos.<\/p>\n<p>Conservalo \u00e9 unha responsabilidade individual de cada un de n\u00f3s, e colectiva como cidadan\u00eda, coa implicaci\u00f3n das adminsitraci\u00f3ns, para que nada desapareza ou se deteriore.<\/p>\n<p>Transmitilo \u00e9 unha obriga que nos atinxe como posuidores temporais de todo este legado. A nosa contribuci\u00f3n ser\u00e1 enriquecelo con novos elementos e a posta en valor social de todo o conservado.<\/p>\n","protected":false},"excerpt":{"rendered":"<p>Para calquera consulta ou informaci\u00f3n contactar con: xosecounhago@gmail.com Vigo conta cun patrimonio cultural que ao longo da historia deste concello foi deixando sobre a terra, e baixo dela, a marca dunha identidade que nos foi configurando como cidade e territorio durante milleiros de anos. Conservalo \u00e9 unha responsabilidade individual de cada un de n\u00f3s, e [&hellip;]<\/p>\n","protected":false},"author":3,"featured_media":0,"parent":0,"menu_order":0,"comment_status":"open","ping_status":"open","template":"","meta":[],"_links":{"self":[{"href":"http:\/\/xosecounhago.com\/index.php?rest_route=\/wp\/v2\/pages\/652"}],"collection":[{"href":"http:\/\/xosecounhago.com\/index.php?rest_route=\/wp\/v2\/pages"}],"about":[{"href":"http:\/\/xosecounhago.com\/index.php?rest_route=\/wp\/v2\/types\/page"}],"author":[{"embeddable":true,"href":"http:\/\/xosecounhago.com\/index.php?rest_route=\/wp\/v2\/users\/3"}],"replies":[{"embeddable":true,"href":"http:\/\/xosecounhago.com\/index.php?rest_route=%2Fwp%2Fv2%2Fcomments&post=652"}],"version-history":[{"count":8,"href":"http:\/\/xosecounhago.com\/index.php?rest_route=\/wp\/v2\/pages\/652\/revisions"}],"predecessor-version":[{"id":1686,"href":"http:\/\/xosecounhago.com\/index.php?rest_route=\/wp\/v2\/pages\/652\/revisions\/1686"}],"wp:attachment":[{"href":"http:\/\/xosecounhago.com\/index.php?rest_route=%2Fwp%2Fv2%2Fmedia&parent=652"}],"curies":[{"name":"wp","href":"https:\/\/api.w.org\/{rel}","templated":true}]}}